**2 + 6*g - 7. What is b(o)?
-2
Let g(c) be the second derivative of c**5/20 - 5*c**4/12 - c**3/6 - 2*c**2 + 17*c. What is g(5)?
-9
Let m(x) = x + 13. Let u(a) = -a**3 - a - 6. Let w be u(0). What is m(w)?
7
Let o(p) be the second derivative of p**4/12 - p**3/2 - 5*p**2/2 - 2*p. What is o(5)?
5
Suppose -2*i = i. Let t = i + 4. Let h(u) = 3*u**3 + 5*u**2 - 8*u + 1. Let d(g) = 2*g**3 + 2*g**2 - 4*g + 1. Let j(q) = 5*d(q) - 3*h(q). What is j(t)?
2
Let y = -7 + 9. Let n = -4 + y. Let f(z) = 11*z + 2 - 1 - 10*z + 1. What is f(n)?
0
Let c = -4 + 6. Suppose 4*j = c*p + 2, 1 = 3*j - 2*j. Let f(b) = -3*b**2 + b - 4*b + 2*b - b**3 + p. Give f(-2).
-1
Let g(q) be the third derivative of 0 - 1/120*q**6 - 1/20*q**5 + 0*q + 2*q**2 + 0*q**3 + 1/8*q**4. Calculate g(-4).
4
Let i(c) = -c**3 - 4*c**2 + 3*c - 6. Let r be i(-5). Let p(a) = -2*a**2 + 3*a**2 - r - 5*a**2 + 4*a + a**3. Suppose -3 = -m - g + 1, -4*g + 7 = m. Give p(m).
-1
Suppose 0 = 2*d + d + 3*d. Let p(n) be the third derivative of 0 + d*n + 3*n**2 + 1/24*n**4 + 0*n**3. Calculate p(6).
6
Let k(g) = g**3 - 7*g**2 + 2*g - 16. Let j be k(7). Let f(l) = -l**3 - 2*l**2 + 2*l + 1. What is f(j)?
-3
Suppose 0 = -5*h + 2 - 7. Let y(r) = -22*r**3 + 2*r + 1. Give y(h).
21
Suppose -6*m - 4*a + 8 = -4*m, 3*m - 5*a - 1 = 0. Let s(d) = -3 - 2 - d + m. Give s(-5).
2
Suppose -9*q + 20 = -4*q. Let b(u) be the third derivative of -3*u**2 + 0*u - 1/8*u**q - 1/6*u**3 + 0. Give b(1).
-4
Let t = 41 + -38. Let d(i) be the first derivative of -3 - 1/3*i**t - 5/2*i**2 - 5*i. What is d(-5)?
-5
Let u(o) = o**3 - 2*o - 1. Let k = 89 - 92. Calculate u(k).
-22
Let n be (24/16)/(1/(-4)*3). Let w(v) = -6*v**2 - v + 1. Calculate w(n).
-21
Let f(a) be the first derivative of -a**4/4 - 4*a**3/3 - 2*a**2 - 2*a + 3. What is f(-3)?
1
Suppose 3*u = 12 + 15. Let v be (-2)/(-2) + u/3. Let q(w) = -3*w**2 + 3*w**3 - 3*w + 0 - 1 - 2*w**3. Calculate q(v).
3
Let s(r) = -1 - 112*r**2 - 1 + 111*r**2 - 3. Give s(0).
-5
Let x(s) = -s**2 + 3. Let d(b) = b**2 + b + 1. Let q(u) = 5*u**2 + 19*u + 9. Let o(h) = 6*d(h) - q(h). Let r be o(13). What is x(r)?
-6
Let a(q) be the third derivative of -q**6/720 - q**5/24 - q**4/8 - q**2. Let x(t) be the second derivative of a(t). Give x(-5).
0
Let m = -16 + 19. Let z(o) = -o + 1. What is z(m)?
-2
Let t(q) be the first derivative of q**4/4 + q**3 - q**2 + 4*q - 9. Calculate t(-4).
-4
Let x(w) be the second derivative of -w**4/12 + w**3/6 - 5*w**2/2 - 5*w. Let k be -2*(3 - 2) - -2. Let o be x(k). Let m(f) = f**2 + 4*f + 4. Calculate m(o).
9
Let r(w) = -4. Let a(z) = z + 4. Suppose 0 = i, 5*q - 3*i + 10 = -10. Let h(n) = q*a(n) - 5*r(n). Let p(o) = -3*o + 3. Let g(t) = 5*h(t) - 6*p(t). Give g(3).
-4
Let n(x) = -x**3 + 13*x**2 - x + 13. Let o(v) = -8*v - 11. Let h be o(-3). Calculate n(h).
0
Let b(z) = -3*z**3 - 5*z**2 - 5*z + 8. Let i(d) = -7*d**3 - 10*d**2 - 9*d + 16. Let u(c) = 9*b(c) - 4*i(c). What is u(6)?
-10
Let l = 6 + -8. Let b(s) = 4*s - 3. Let v(o) = 9*o - 7. Let t(n) = 5*b(n) - 2*v(n). Give t(l).
-5
Suppose -p + 4*l = -4*p - 5, 4*l + 15 = -p. Let y(a) = 23*a - 20. Let q(w) = 8*w - 7. Let s(n) = 17*q(n) - 6*y(n). Calculate s(p).
-9
Let f(c) = 2*c - 3*c - 1 - 9*c**3 + 14*c**3 + 2. What is f(1)?
5
Let p(s) = s - 2. Suppose -14 = -5*u + 16. What is p(u)?
4
Let l(b) = 13 - 10 - b + 7. Give l(9).
1
Let b(z) be the second derivative of -1/3*z**3 - z + 0*z**2 + 0. What is b(2)?
-4
Let i(x) = 4 - 4*x - 5 + 0 - 2*x. Let y be ((0 - -2)/(-2))/(-1). Calculate i(y).
-7
Let g(i) = 2 + 13*i + i**3 - 13*i. Let t be g(0). Let w(c) = 4*c**2 - 2*c - 1 - 6*c**t + 0*c**2. What is w(-2)?
-5
Let w(k) = k**3 + 10*k**2 + 9*k + 4. Let r be w(-9). Let t(c) = c**2 - 4*c + 6. What is t(r)?
6
Let p(o) = -2*o + 5. Let g(a) = a**3 + 4*a**2 - 4. Let t = -1 + -2. Let h be g(t). Suppose -3*u - 2*l + 18 = 0, -3*l + 8*l + h = 5*u. Calculate p(u).
-3
Let z(f) be the first derivative of f**3/3 - 5*f**2/2 - 10*f + 4. Determine z(7).
4
Let v(t) = -3*t**3 + 2*t**3 - 3*t + 3*t + 7 - 4*t - 6*t**2. Determine v(-5).
2
Let k(b) = -b**2 - 5*b - 3. Let u(d) = -d + 3. Let f be u(-3). Let i be f*((-3)/6 + 0). Determine k(i).
3
Let v(h) = h**3 + 5*h**2 - 4*h + 6. Let r = -6 + 0. What is v(r)?
-6
Let r(f) = -3*f**2 - f + 4. Let h(p) = 4*p**2 + p - 5. Let x(q) = 2*h(q) + 3*r(q). What is x(0)?
2
Let w(y) be the third derivative of 0*y - 5/24*y**4 + 1/12*y**5 + 1/6*y**3 - 7*y**2 + 1/120*y**6 + 0. Calculate w(-6).
-5
Let i(d) = -d**3 - 5*d**2 - 4*d - 1. Let s = 19 + -12. Suppose 0 = -l + 3. Let k = l - s. Give i(k).
-1
Let b(u) be the first derivative of -u**2/2 + 3*u + 2. Let s be b(3). Let q(p) = s - 2*p**2 + 2 + 2*p - 5*p. What is q(-3)?
-7
Let m be (-1)/((-2)/8) + -2. Let f(d) = -4*d - 1 - 2 + m + d. Calculate f(3).
-10
Let o = -47 + 50. Let b(t) = -t**2 + t. Give b(o).
-6
Let o(v) be the third derivative of -v**4/24 + 2*v**3/3 + v**2. Let l be (-4)/(2*2/(-6)). Suppose i + l = -i. What is o(i)?
7
Let q(n) = -33*n**2 - 2 + 28*n**2 + 4*n - 6*n - n**3. Calculate q(-4).
-10
Let r(t) be the third derivative of t**5/60 + t**4/8 - 5*t**3/6 - 20*t**2. Determine r(-4).
-1
Let w(j) = -15*j + 8. Let r(l) be the third derivative of -7*l**4/24 + 2*l**3/3 + 2*l**2. Let u(t) = 13*r(t) - 6*w(t). Determine u(-4).
8
Let o(g) = g**2 + 3*g - 1. Let t(i) = -2*i + 2. Let a be t(-6). Suppose -2*y + 5*s + a = -0*s, y - 5 = 2*s. Calculate o(y).
-1
Let t(s) = -s**3 - 2*s**2 + 4*s. Let r(c) = c**3 + 2*c**2 - 5*c - 1. Let f(v) = 4*r(v) + 5*t(v). What is f(-3)?
5
Suppose 4*d + 1 = -27. Let p(a) = -a**3 - 8*a**2 - 7*a - 1. Determine p(d).
-1
Let q(o) = 2*o + 15. Let g(c) = -c - 8. Let f(x) = -7*g(x) - 4*q(x). Suppose 5*v + t + 31 = 7, 8 = -4*v + 2*t. Calculate f(v).
0
Let n = -7 - -11. Let t(d) be the first derivative of -d + 4*d - n*d**2 - 1 + 3*d**2. What is t(-3)?
9
Let i(j) = j**2 - 3*j - 4. Let z(x) = -5*x. Let p be z(-1). Let a be i(p). Let d(w) = w - 5. Give d(a).
1
Let l(t) = -3*t**3 + 2*t**2 - t. Suppose -j - 4*j + 5 = 0. Let q be l(j). Let g(b) = 6*b + 4. Let d(a) = 5*a + 3. Let p(m) = -5*d(m) + 4*g(m). Give p(q).
3
Let x(r) = 9*r - 31. Let y(q) = 5 - 16 - 5 + 5*q. Let s(b) = 6*x(b) - 11*y(b). Calculate s(-5).
-5
Let y(j) = j**3 - 3*j**2 - j - 2. Let z(l) = -2*l**3 + 6*l**2 + l + 5. Let n = 12 + -7. Let f(o) = n*y(o) + 2*z(o). Determine f(4).
4
Let p(q) = -q**3 + q**2 - q + 1. Let b(m) = 4*m**3 + 4*m**2 + 3*m - 7. Let d(c) = -b(c) - 3*p(c). What is d(-7)?
4
Let b(g) be the first derivative of -g**6/120 + g**5/12 - g**4/24 - g**3/3 + g**2/2 - 3. Let f(p) be the second derivative of b(p). Calculate f(5).
-7
Let x = 141 + -137. Let f(p) = 2*p - 3. Let c(i) = -i + 1. Let q(s) = 7*c(s) + 3*f(s). Let w(u) = 2*u + 2. Let a(k) = -3*q(k) - 2*w(k). Calculate a(x).
-2
Let o(w) = -4*w**2 + 6*w + 4. Let x(k) = k**2 - 1. Let f(m) = o(m) + 5*x(m). Calculate f(-7).
6
Let b(s) = s**2 - s - 2. Let g be b(-1). Let o(d) = 3*d**2 - d + 3. Let x(h) = -7*h**2 + 2*h - 6. Let q(w) = 5*o(w) + 2*x(w). Determine q(g).
3
Let a(g) = 13*g**2 - 2*g + 1. Suppose 3*k = 2*k - 12. Let f = k - -13. Calculate a(f).
12
Suppose -h + 4*h = 9. Let i(p) = 5 + 2*p**h + 0*p**3 - 3*p + 4*p**2 - p**3. Calculate i(-5).
-5
Let s(k) = 22*k**2 + 7*k + 1. Let d(f) = -23*f**2 - 8*f. Let y(u) = -5*d(u) - 6*s(u). Let b(r) = -11*r**2 - r - 4. Let c(t) = 8*b(t) - 5*y(t). What is c(2)?
-10
Suppose 0 = -5*h - c + 19, -h + 4*h - 21 = -3*c. Suppose -2 = 2*i - h*i. Let z(o) be the second derivative of o**5/20 - o**4/12 + o**2/2 - 2*o. What is z(i)?
5
Suppose -2*s = -7*s + 5. Let h(g) = 26*g - 15*g - 12*g - 1. Determine h(s).
-2
Suppose 3*y + 2 = -h, 4*h - 9 = 3*y + 13. Let j(d) = 8*d - 7. Let a(w) = -12*w + 11. Let b(l) = 5*a(l) + 8*j(l). What is b(h)?
15
Let d(m) = m**2 - m - 1. Let l(t) = 3*t - 1. Let z(u) = u - 1. Let p(x) = l(x) - 2*z(x). Let b be 3/(3*1/(-2)). Let n be p(b). What is d(n)?
1
Let t(d) = -4*d**2 + 6*d. Let v(z) = 5*z**2 - 7*z. Let x(h) = -4*t(h) - 3*v(h). Let g = -22 + 26. Calculate x(g).
4
Suppose 69*n + 18 = 72*n. Let g(i) = -i**2 + 10*i - 9. Determine g(n).
15
Suppose 5*k - 8 = -4*w, 4*w = 8*w + 2*k - 8. Let y(j) = -2*j**3 - 2*j**2 + 3*j. Determine y(w).
-18
Let f(l) = -5*l. Let z(d) = d**2 + 4*d - 2. Let y be z(-5). Suppose 2*x = 5*t + 17, 0 = -4*x + 2*t - t - 11. Let s = y + x. What is f(s)?
5
Let k(x) = -3*x